 = 5*t. Let l = 9 - d. What is the remainder when 12 is divided by l?
5
Let k(c) = c**3 + c**2 - c + 4. Suppose 2*a + a = -4*q + 9, -4*a + 8 = 4*q. Let r = q + -3. Calculate the remainder when 7 is divided by k(r).
3
Let p = 8 - 1. Calculate the remainder when 26 is divided by 3 + 0 - (-42)/p.
8
Suppose 0 = -5*o - 2*x - 11, 6*o = 3*o + 2*x + 3. Let n(c) = -c**2 - 12*c - 20. Calculate the remainder when (68/6)/(o/(-3)) is divided by n(-8).
10
Let f(x) be the second derivative of x**3/6 - 5*x**2/2 - x. Let l be f(7). Suppose -l = -t - 0. What is the remainder when 3 is divided by t?
1
Suppose 0 = 5*r - 0*r - 85. What is the remainder when 49 is divided by r?
15
Suppose u - 56 = -2*u - 5*k, -3*u - 2*k + 71 = 0. What is the remainder when 105 is divided by u?
24
Suppose 5*q + s = 10, 6 = -q + 4*q + 5*s. Let d(g) = 0 + 5*g**q - 5 + 0*g**2 - g**3 + 7*g. Calculate the remainder when 1 is divided by d(6).
0
Let x(s) = s**2 - 16*s + 13. What is the remainder when x(16) is divided by 4?
1
Let f = -25 - -85. What is the remainder when f is divided by 21?
18
Let v = -11 + 39. Let d(h) = -h**3 - h**2 + 51. Let o be d(0). Let y = o + -36. Calculate the remainder when v is divided by y.
13
Calculate the remainder when 0 + 3 + -7 - -41 is divided by 8.
5
Suppose p + 0 = 3. Calculate the remainder when 5 is divided by p.
2
Suppose -4*j = -3*s + 7, -s - 13 = -3*s + j. Suppose 5*o - 39 = 3*v + 20, -s = -o + 2*v. What is the remainder when 36 is divided by o?
10
Suppose j - 4*f - 26 = -3*f, 0 = 4*j + 5*f - 86. Suppose 5*a = 57 + 8. Calculate the remainder when j is divided by a.
11
Let z be (-8)/(-12) + 32/6. Calculate the remainder when (70/4)/5*z is divided by (11/2)/(3/6).
10
Let h(g) = -4 + 9*g + 1 + 4. Let x = 101 + -86. Calculate the remainder when h(3) is divided by x.
13
Calculate the remainder when 11 is divided by 94/14 + (-2)/(-7).
4
Suppose 5 = -5*h + 300. Calculate the remainder when h is divided by 10.
9
Let u(y) = 53*y**2 - 2*y - 1. Let r(z) = -54*z**2 + 3*z + 1. Let m(w) = 4*r(w) + 5*u(w). Calculate the remainder when m(1) is divided by 13.
11
Suppose -4*c + 5*g = -180, -2*c + 6*g = 2*g - 90. Suppose c = -3*h + 6*h. Calculate the remainder when h is divided by 9.
6
Let g be 2/6 - 119/(-21). Suppose g + 4 = 5*q. Suppose -6*h + 24 = -q*h. Calculate the remainder when 23 is divided by h.
5
Suppose -3*h + 16 = -h + 2*f, -5*f - 23 = -4*h. Let d(z) = 4*z - 10. What is the remainder when d(9) is divided by h?
5
Suppose 189 = 16*u - 7*u. What is the remainder when (1 - -1) + (-38)/(-1) is divided by u?
19
Let n(h) = -4*h + 4. Calculate the remainder when 97 is divided by n(-4).
17
Let w = 7 - 0. Suppose 0*s = 2*s - 4. Calculate the remainder when w is divided by -1 + 2 + (s - 0).
1
Let n be ((-24)/(-15))/4*-65. Let d = n - 20. Let k = 75 + d. What is the remainder when k is divided by 10?
9
Suppose 25 = 3*j - 47. Calculate the remainder when j is divided by 19 - 8 - (-4)/2.
11
What is the remainder when (2*275)/(44/22) is divided by 46?
45
Suppose -4*p + p + 36 = 0. Let n = -7 - -13. What is the remainder when (n/4)/((-3)/(-68)) is divided by p?
10
Suppose -80 = -0*a - 4*a - 4*d, 3*a - 61 = -2*d. What is the remainder when 81 is divided by a?
18
Let f(b) be the first derivative of -19*b**2 + 2*b - 2. What is the remainder when f(-2) is divided by 27?
24
Suppose -2*x = -5*j - 183, -3*x + 5*j = 3*j - 247. What is the remainder when x is divided by 8?
7
Let a(i) = -i**3 + i**2 + i + 2. Let q be a(2). Suppose q = 3*k + 21 - 87. Calculate the remainder when 85 is divided by k.
19
Suppose -4*f + 39 = 6*k - k, 3 = 3*f. What is the remainder when (-68)/(-85)*(25 - 0) is divided by k?
6
Suppose 5*l + 2 = 17. Let p = l + 6. Suppose 39 = j + z, 2*z - 185 = -5*j - z. Calculate the remainder when j is divided by p.
7
Let z(g) = g**2 - g + 14. Calculate the remainder when z(6) is divided by 15.
14
Let b be (-21)/(-4) + 1/(-4). Suppose 5*t - 24 = 2*s, 5*t = -b*s - 4 + 14. Calculate the remainder when t is divided by 22/6 - (-8)/(-12).
1
Let x(j) = j**3 + j**2 + 3*j - 5. What is the remainder when 62 is divided by x(2)?
10
Let r(x) = -6 - 4*x**3 + 2*x**3 + 3*x**3 - 4*x**2 - 2*x**3. What is the remainder when 55 is divided by r(-5)?
17
Let f = -350 - -185. Calculate the remainder when 6/(3 + f/57) is divided by 15.
12
Suppose -i + 1 = 0, -3*v = 5*i - 19 - 49. What is the remainder when 39 is divided by v?
18
Suppose 9 = 3*w - 3. Suppose 21 - 65 = -w*o. Suppose 5*z + 20 = 0, k - z + 59 = 4*k. Calculate the remainder when k is divided by o.
10
Suppose -22*m + 28 = -26*m. Let q(h) be the first derivative of -h**3/3 - 7*h**2/2 + 4*h + 1. What is the remainder when 7 is divided by q(m)?
3
Suppose -2*r + 2*w = 2, 2*r = r - 4*w + 19. Suppose -4*x + 15 = r. Let j = x + -1. Calculate the remainder when 2 is divided by j.
0
Let x be ((-14)/4)/(2/(-4)). Suppose 0 = -3*d + 20 + x. Calculate the remainder when 17*(-6)/d*-3 is divided by 12.
10
Let a be 6*((-150)/(-4))/5. Suppose a = 5*p - 4*z, -3*z - 2*z = 0. Calculate the remainder when 25 is divided by p.
7
Let z be (-1 + -1 - -1) + 6. Let d = 10 - z. Calculate the remainder when 8 is divided by d.
3
Suppose -3*d + 103 = -92. What is the remainder when 20 is divided by 468/d + (-2)/10?
6
Suppose 2*m - 2*r - 17 = -5*r, 2 = 2*r. Let g(v) = v**3 - 3*v**2 + 4*v. Let i(l) = -2*l - 9. Let z be i(-6). Calculate the remainder when g(z) is divided by m.
5
Suppose -2*l - 21 = -5*l. Let y(m) = m**3 - 5*m**2 - 8*m - 9. What is the remainder when y(l) is divided by 12?
9
What is the remainder when 16*((-2)/(-8) + 1) is divided by 6 + (3 - -6) + -4?
9
Suppose 2*q - q - 15 = 0. Calculate the remainder when 29 is divided by q.
14
Let q(p) = -p**3 - 15*p**2 - 16*p - 8. What is the remainder when 36 is divided by q(-14)?
16
Suppose 7 = 2*z - 1. Suppose 4*c - 3*v = -z + 19, 0 = -4*v - 4. What is the remainder when 11 is divided by c?
2
Let z(b) = -2*b**3 + b. Let j be z(-1). Suppose 5*q - 4*t = 299, 3 + j = -4*t. Calculate the remainder when q is divided by 20.
19
What is the remainder when 2/9 + (-2465)/(-45) is divided by 14?
13
Suppose 2*m = -2*m + 588. Suppose 3*c = -b + 1, 5*b + 47 = 4*c + m. Calculate the remainder when 27 is divided by b.
11
Let h be ((-1)/(-1) + 0)*-1. Let n be (-3 - -3)/(h*2). Suppose 4*p = v - n*v + 44, -3*v - 48 = -5*p. Calculate the remainder when 45 is divided by p.
9
Suppose -5*q + h + 353 = 0, 10 = 3*h + 2*h. What is the remainder when q is divided by 18?
17
Suppose 0 = 67*g - 62*g - 670. Calculate the remainder when g is divided by 17.
15
What is the remainder when (-48)/(-10)*21/14*25 is divided by 47?
39
Suppose 0 = -3*i + 3, -51 = -4*h + 2*h - 3*i. What is the remainder when -1*2*(-284)/8 is divided by h?
23
Suppose 5*d = -3*i + 58, -5*d + 3 = -11*i + 9*i. Calculate the remainder when (-1)/5 + 302/10 is divided by i.
8
Let t = 6 - 3. Suppose -3*s - 2*s + 29 = q, 4*q - 3*s = 1. Suppose -3*y = 12, -q*y = 4*d - 1 - 3. Calculate the remainder when d is divided by t.
2
Let r = -2 + 6. Suppose -35 = -t - r*t. What is the remainder when t is divided by 3?
1
Let r = -5 + 4. Let s = 4 - r. Suppose s*z - 33 - 37 = 0. What is the remainder when 39 is divided by z?
11
Let x = -5 - -11. Calculate the remainder when 16 is divided by x.
4
Let k(w) = w**3 - 10*w**2 + 10*w. Let r(s) = 2*s**2 - 4*s. Calculate the remainder when r(4) is divided by k(9).
7
Let s = 17 - 15. Calculate the remainder when 1/(2*2/28) is divided by s.
1
Let l = -12 + 59. Let t = -33 + l. What is the remainder when 26 is divided by t?
12
Suppose -30 = -u + 5*n, 2*n = -3*u + 65 - 26. Calculate the remainder when (-15)/(15/3) + (1 - -30) is divided by u.
13
Suppose 0 = -c - 5*x + 21 + 86, 15 = 5*x. Calculate the remainder when c is divided by 19.
16
Let v(r) = -r**2 - 10*r + 6. Calculate the remainder when v(-9) is divided by 4.
3
Let j(o) = o**3 - 8*o**2 - 3*o + 18. Let h be j(8). Let g(y) = -y**3 - 5*y**2 + 2*y - 13. Calculate the remainder when 32 is divided by g(h).
10
Suppose 3*m - 142 = -55. Suppose 0*l - 4*l = 0. Suppose l = a - 3*a + 20. Calculate the remainder when m is divided by a.
9
Let u(d) = -d**3 - 6*d**2 + 8*d + 15. Calculate the remainder when 39 is divided by u(-7).
7
Suppose p + 20 = -4*u, -5*p + u = 102 + 82. Let f = -26 - p. Suppose d 